(p) = -p**3 - 179*p**2 + 130*p - 9061. Give d(-180).
-61
Let b(i) = -170615*i - 1364938. Determine b(-8).
-18
Let t(s) = -4979*s**2 + 54832*s - 692. Calculate t(11).
1
Let y(g) = -65*g**2 + 557*g + 5662. Give y(-6).
-20
Let t(g) = g**3 - 27*g**2 + 210*g + 219. Give t(15).
669
Let q(m) = -10327*m - 82549. What is q(-8)?
67
Let f(r) = -3*r**3 + 58*r**2 - 127*r + 133. What is f(17)?
-3
Let v(w) = w**2 + 153*w - 13163. Give v(-214).
-109
Let p(r) = 33*r + 3124. What is p(-94)?
22
Let d(z) = 1861*z - 35436. Calculate d(19).
-77
Let a(m) = 1539*m - 36932. What is a(24)?
4
Let i(n) = -3151*n**2 + 28348*n + 107. Determine i(9).
8
Let c(l) = 57*l**2 + 900*l + 2057. Determine c(-13).
-10
Let i(p) = -6269*p**2 + 25081*p - 22. Calculate i(4).
-2
Let h(c) = -c**3 - 25*c**2 - 84*c + 1022. Give h(-15).
32
Let l(g) = -1512*g + 13801. Calculate l(10).
-1319
Let p(q) = 3564*q - 174731. What is p(49)?
-95
Let g(v) = -2*v**3 - 458*v**2 - 3109*v - 225. Give g(-222).
-3
Let h(k) = -2*k**3 - 250*k**2 + 2123*k + 259. Give h(-133).
924
Let i(a) = 522*a - 204634. Give i(392).
-10
Let g(f) = f**2 + 386*f - 3420. Calculate g(9).
135
Let p(x) = 2*x**3 - 26*x**2 + 152*x - 221. What is p(8)?
355
Let x(w) = 444*w + 158895. Determine x(-358).
-57
Let q(g) = 101*g**2 + 47*g + 18. Give q(-2).
328
Let l(z) = 6*z**2 - 3695*z + 18311. Determine l(5).
-14
Let t(v) = v**2 + 22928*v - 642814. What is t(28)?
-46
Let y(x) = 8*x**2 + 354*x - 75. What is y(-47)?
959
Let g(k) = -k**3 + 85*k**2 - 1049*k + 22437. Calculate g(75).
12
Let m(n) = 1589864*n - 9539173. What is m(6)?
11
Let u(n) = 38*n**2 - 974*n - 1945. What is u(-2)?
155
Let p(k) = 195*k - 12187. Calculate p(77).
2828
Let r(q) = -458*q**2 + 5957*q - 74. Give r(13).
-35
Let d(a) = 1124*a - 704752. What is d(627)?
-4
Let b(y) = y**2 + 18946*y - 3326886. Calculate b(174).
-6
Let o(q) = 4617*q + 9349. Calculate o(-2).
115
Let w(n) = 319339*n + 319338. Give w(-1).
-1
Let d(v) = -224*v**2 - 69216*v + 729. Calculate d(-309).
729
Let d(u) = u**3 + 7*u**2 - 2662*u + 23846. What is d(9)?
1184
Let x(a) = -4*a**3 + 1838*a**2 + 891*a + 13397. What is x(460)?
57
Let p(r) = -r**3 + 6*r**2 + 573*r - 3419. Give p(6).
19
Let s(v) = 4*v**3 - 247*v**2 + 333*v - 9183. Calculate s(61).
-33
Let v(k) = 6*k**2 - 32*k - 344. Give v(-5).
-34
Let j(p) = -2269*p - 355853. Give j(-157).
380
Let r(z) = 2*z**3 - 60*z**2 + 109*z + 63. What is r(15)?
-5052
Let f(v) = -19949*v - 3371384. Determine f(-169).
-3
Let o(n) = 15*n + 2545. What is o(-50)?
1795
Let b(s) = 16917*s + 2875934. What is b(-170)?
44
Let r(c) = 437*c + 61556. Determine r(-141).
-61
Let h(a) = -2*a**3 + 88*a**2 + 111*a - 756. Give h(45).
189
Let o(h) = -2*h**3 + 260*h**2 - 1498*h + 1359. What is o(124)?
119
Let t(u) = -101*u**2 + 21814*u + 424. What is t(216)?
-8
Let s(n) = n**3 + 699*n**2 - 34268*n + 1501. Calculate s(-745).
11
Let p(j) = -j**3 - 30*j**2 - 121*j - 1074. Determine p(-27).
6
Let f(s) = -1081*s + 36747. Determine f(34).
-7
Let y(l) = -l**3 - 788*l**2 - 791*l - 3158. What is y(-787)?
-10
Let p(n) = 342*n**2 + 955*n - 952. Calculate p(1).
345
Let h(b) = -112*b**3 + 5154*b**2 - 112*b + 954. Calculate h(46).
34
Let u(g) = 3422*g + 30855. Calculate u(-9).
57
Let l(q) = 219*q**2 + 421*q + 1237. What is l(-3)?
1945
Let j(d) = d**2 - 1550*d + 189735. Determine j(134).
-9
Let d(z) = -46513*z + 10791053. Determine d(232).
37
Let y(k) = 104374*k + 1252532. Calculate y(-12).
44
Let n(z) = 23*z**2 - 8001*z - 41675. Give n(353).
-21
Let y(x) = -x**2 + 284*x + 24770. Give y(-70).
-10
Let o(f) = -14*f**2 + 212*f + 857. Give o(-4).
-215
Let x(i) = 72*i**3 + 68*i**2 + 359*i - 20. Determine x(-5).
-9115
Let f(k) = -5793*k + 839986. Determine f(145).
1
Let n(q) = 2545*q + 5402. Calculate n(-3).
-2233
Let w(i) = -419*i + 46374. Determine w(111).
-135
Let h(b) = -75*b**2 - 2571*b - 725. What is h(-34)?
-11
Let s(a) = -652*a - 172776. Calculate s(-265).
4
Let g(r) = -3*r**2 - 1136*r + 9091. Give g(8).
-189
Let z(r) = 24*r + 1217. Calculate z(-53).
-55
Let f(k) = 9*k**3 - 897*k**2 - 316*k + 1603. What is f(100)?
3
Let u(o) = 753869*o - 8292618. What is u(11)?
-59
Let j(s) = -11*s**2 - 3031*s - 1603. Determine j(-275).
47
Let i(m) = -3555*m + 7412. What is i(2)?
302
Let w(u) = u**3 + 265*u**2 + 10074*u + 1. Give w(-46).
1
Let h(q) = q**3 + 2*q**2 + 1539*q + 4631. Give h(-3).
5
Let x(r) = -20*r**2 - 21*r - 55. Determine x(-3).
-172
Let n(y) = -y**3 - 624*y**2 - 56545*y - 552. Calculate n(-110).
-2
Let z(t) = -58*t**3 - t**2 - 153*t + 463. Calculate z(3).
-1571
Let f(k) = 505*k + 73317. What is f(-145)?
92
Let t(q) = -841*q + 11829. Give t(13).
896
Let t(m) = 7*m**3 + 4905*m**2 + 3511*m + 7696. What is t(-700)?
-4
Let f(p) = -2*p**3 + 186*p**2 - 1123*p + 395. Calculate f(6).
-79
Let h(x) = 9*x**3 + x**2 - 21*x - 93. What is h(5)?
952
Let k(g) = -17*g**2 - 656*g + 632. What is k(1)?
-41
Let v(j) = -12*j**2 + 1012*j - 16850. Determine v(61).
230
Let s(q) = -179088*q - 2865409. Calculate s(-16).
-1
Let r(b) = 3*b**3 - 16*b**2 - 61*b + 395. Calculate r(8).
419
Let h(a) = -a**3 + 2015*a**2 - 214975*a + 5548. What is h(113)?
11
Let x(j) = j**3 + 98*j**2 - 287*j - 249. Determine x(-101).
-1865
Let g(n) = -n**3 - 21*n**2 - 491*n - 11263. Determine g(-22).
23
Let i(s) = 23097*s + 508136. What is i(-22)?
2
Let p(u) = u**3 + 119*u**2 - 325*u + 4982. Determine p(-122).
-20
Let k(x) = -7*x**2 + 175*x - 127. Calculate k(30).
-1177
Let b(y) = 6*y**3 - 148*y**2 - 14*y - 922. Give b(25).
-22
Let p(s) = 12099*s - 2915872. What is p(241)?
-13
Let j(w) = w**3 - 28*w**2 - 790*w - 119. Calculate j(46).
1629
Let f(s) = s**3 + 15*s**2 + 627*s + 3403. Give f(-6).
-35
Let n(j) = 7*j**2 + 212*j + 138. Determine n(-30).
78
Let z(m) = 64478*m + 644786. What is z(-10)?
6
Let l(x) = 8023*x + 7946. What is l(-1)?
-77
Let y(b) = 17*b**2 + 19*b - 561. Give y(7).
405
Let k(j) = -j**2 + 419*j + 14396. Give k(-32).
-36
Let z(b) = -41752*b - 751514. Calculate z(-18).
22
Let u(a) = -6*a**3 + 421*a**2 + 2181*a - 406. Calculate u(75).
44
Let t(n) = -990*n + 24386. Calculate t(31).
-6304
Let g(b) = -227278*b + 25000581. Give g(110).
1
Let j(w) = 3*w**3 + 16*w**2 - 303*w - 1300. Determine j(-4).
-24
Let y(o) = -o**2 + 35849*o - 788190. What is y(22)?
4
Let y(n) = -4*n**2 + 19909*n - 396668. Determine y(20).
-88
Let p(n) = -3849484*n + 11548444. What is p(3)?
-8
Let a(y) = 9*y**2 - 411*y - 1365. Give a(49).
105
Let t(x) = 6*x**2 - 231*x - 53950. Calculate t(116).
-10
Let j(l) = 95*l**3 - 1042*l**2 - 45*l + 237. What is j(11)?
105
Let w(q) = 4880*q + 795. What is w(-1)?
-4085
Let t(y) = -14562*y - 305821. Determine t(-21).
-19
Let g(c) = -3*c**2 - 46*c - 163. What is g(-11)?
-20
Let k(q) = -18633*q - 18604. What is k(-1)?
29
Let m(k) = k**3 - 170*k**2 + 3816*k + 6429. Determine m(143).
-6
Let p(u) = 525*u + 1869. Calculate p(-12).
-4431
Let o(l) = l**2 + 298271*l + 5666789. Give o(-19).
1
Let a(y) = -31226*y + 593445. Calculate a(19).
151
Let c(a) = -1477*a + 100419. What is c(68)?
-17
Let u(q) = q**3 - 55*q**2 + 280*q - 18781. Calculate u(56).
35
Let b(k) = 4*k**2 + 1459*k + 6006. Determine b(-4).
234
Let u(v) = 2132*v + 19308. Calculate u(-9).
120
Let v(g) = -4*g**2 + 1873*g - 172664. Calculate v(342).
46
Let l(x) = -78505*x - 314059. Determine l(-4).
-39
Let c(v) = -2*v**3 + 188*v**2 - 2169*v + 5745. Calculate c(9).
-6
Let o(d) = d**3 + 8*d**2 - 1860*d - 20393. Give o(-11).
-296
Let q(p) = 25477*p - 152866. What is q(6)?
-4
Let g(p) = 23*p**2 + 13462*p + 17524. Determine g(-584).
4
Let x(c) = -324*c + 1110. What is x(11)?
-2454
Let i(z) = -z**2 - 30*z - 123. Calculate i(-26).
-19
Let a(q) = -1695*q - 15312. Determine a(-9).
-57
Let n(x) = -10*x**2 - 336*x - 1012. Determine n(-3).
-94
Let o(a) = a**2 + 1122*a - 47622. Give o(41).
61
Let x(z) = 2*z**2 + 3568*z - 14260. Give x(4).
44
Let u(y) = -3*y**2 + 436*y + 711. Give u(147).
-24
Let g(u) = 218*u**2 - 98757*u + 1341. Give g(453).
-18
Let x(v) = v**3 - 13*v**2 - 321*v - 394. Calculate x(26).
48
Let u(v) = 8*v**2 + 11*v - 333. What is u(15)?
1632
Let s(j) = -j**3 + j**2 + 446*j + 23. Calculate s(0).
23
Let y(n) = -171*n + 14116. Calculate y(95).
-2129
Let r(q) = -2243*q - 26937. Calculate r(-12).
-21
Let p(c) = -c**2 - 2941341*c + 5882680. Give p(2).
-6
Let z(x) = 6*x**3 + 6*x**2 + 12*x + 204.